{"id":85,"date":"2018-02-02T13:57:08","date_gmt":"2018-02-02T12:57:08","guid":{"rendered":"http:\/\/schelphof.de\/wpnpz1\/?page_id=85"},"modified":"2020-01-14T11:37:27","modified_gmt":"2020-01-14T10:37:27","slug":"vielfalt-unserer-erde","status":"publish","type":"page","link":"https:\/\/schelphof.de\/wpnpz1\/kita-schule\/bildungsmaterial\/vielfalt-unserer-erde\/","title":{"rendered":"Vielfalt unserer Erde &#8211; Lernposter &#038; Praxismappe"},"content":{"rendered":"<p><strong>Biologische Vielfalt<\/strong> in der Umweltbildungsarbeit mit Kindern von 8-12 Jahren<\/p>\n<ul>\n<li>in Schulen<\/li>\n<li>in der OGS<\/li>\n<li>an au\u00dferschulischen Lernorten und<\/li>\n<li>im privaten Bereich<\/li>\n<\/ul>\n<p><div id=\"metaslider-id-384\" style=\"max-width: 700px;\" class=\"ml-slider-3-105-0 metaslider metaslider-flex metaslider-384 ml-slider has-dots-nav ms-theme-default\" role=\"region\" aria-label=\"Lernposter Vielfalt unserer Erde\" data-height=\"500\" data-width=\"700\">\n    <div id=\"metaslider_container_384\">\n        <div id=\"metaslider_384\" class=\"flexslider\">\n            <ul class='slides'>\n                <li style=\"display: block; width: 100%;\" class=\"slide-385 ms-image \" aria-roledescription=\"slide\" data-date=\"2018-02-08 14:16:43\" data-filename=\"VielfaltUnsererErde2015Januar-1-700x500.jpg\" data-slide-type=\"image\"><img loading=\"lazy\" decoding=\"async\" src=\"https:\/\/schelphof.de\/wpnpz1\/wp-content\/uploads\/VielfaltUnsererErde2015Januar-1-700x500.jpg\" height=\"500\" width=\"700\" alt=\"\" class=\"slider-384 slide-385 msDefaultImage\" \/><div class=\"caption-wrap\"><div class=\"caption\">Januar<\/div><\/div><\/li>\n                <li style=\"display: none; width: 100%;\" class=\"slide-386 ms-image \" aria-roledescription=\"slide\" data-date=\"2018-02-08 14:17:12\" data-filename=\"VielfaltUnsererErde2015Februar-700x500.jpg\" data-slide-type=\"image\"><img loading=\"lazy\" decoding=\"async\" src=\"https:\/\/schelphof.de\/wpnpz1\/wp-content\/uploads\/VielfaltUnsererErde2015Februar-700x500.jpg\" height=\"500\" width=\"700\" alt=\"\" class=\"slider-384 slide-386 msDefaultImage\" \/><div class=\"caption-wrap\"><div class=\"caption\">Februar<\/div><\/div><\/li>\n                <li style=\"display: none; width: 100%;\" class=\"slide-387 ms-image \" aria-roledescription=\"slide\" data-date=\"2018-02-08 14:17:18\" data-filename=\"VielfaltUnsererErde2015M\u00e4rz-700x500.jpg\" data-slide-type=\"image\"><img loading=\"lazy\" decoding=\"async\" src=\"https:\/\/schelphof.de\/wpnpz1\/wp-content\/uploads\/VielfaltUnsererErde2015M\u00e4rz-700x500.jpg\" height=\"500\" width=\"700\" alt=\"\" class=\"slider-384 slide-387 msDefaultImage\" \/><div class=\"caption-wrap\"><div class=\"caption\">M\u00e4rz<\/div><\/div><\/li>\n                <li style=\"display: none; width: 100%;\" class=\"slide-388 ms-image \" aria-roledescription=\"slide\" data-date=\"2018-02-08 14:17:43\" data-filename=\"VielfaltUnsererErde2015April-e1517841768846-700x500.jpg\" data-slide-type=\"image\"><img loading=\"lazy\" decoding=\"async\" src=\"https:\/\/schelphof.de\/wpnpz1\/wp-content\/uploads\/VielfaltUnsererErde2015April-e1517841768846-700x500.jpg\" height=\"500\" width=\"700\" alt=\"\" class=\"slider-384 slide-388 msDefaultImage\" \/><div class=\"caption-wrap\"><div class=\"caption\">April<\/div><\/div><\/li>\n                <li style=\"display: none; width: 100%;\" class=\"slide-389 ms-image \" aria-roledescription=\"slide\" data-date=\"2018-02-08 14:17:55\" data-filename=\"VielfaltUnsererErde2015Mai-700x500.jpg\" data-slide-type=\"image\"><img loading=\"lazy\" decoding=\"async\" src=\"https:\/\/schelphof.de\/wpnpz1\/wp-content\/uploads\/VielfaltUnsererErde2015Mai-700x500.jpg\" height=\"500\" width=\"700\" alt=\"\" class=\"slider-384 slide-389 msDefaultImage\" \/><div class=\"caption-wrap\"><div class=\"caption\">Mai<\/div><\/div><\/li>\n                <li style=\"display: none; width: 100%;\" class=\"slide-390 ms-image \" aria-roledescription=\"slide\" data-date=\"2018-02-08 14:18:10\" data-filename=\"VielfaltUnsererErde2015Juni-700x500.jpg\" data-slide-type=\"image\"><img loading=\"lazy\" decoding=\"async\" src=\"https:\/\/schelphof.de\/wpnpz1\/wp-content\/uploads\/VielfaltUnsererErde2015Juni-700x500.jpg\" height=\"500\" width=\"700\" alt=\"\" class=\"slider-384 slide-390 msDefaultImage\" \/><div class=\"caption-wrap\"><div class=\"caption\">Juni<\/div><\/div><\/li>\n                <li style=\"display: none; width: 100%;\" class=\"slide-391 ms-image \" aria-roledescription=\"slide\" data-date=\"2018-02-08 14:18:15\" data-filename=\"VielfaltUnsererErde2015Juli-700x500.jpg\" data-slide-type=\"image\"><img loading=\"lazy\" decoding=\"async\" src=\"https:\/\/schelphof.de\/wpnpz1\/wp-content\/uploads\/VielfaltUnsererErde2015Juli-700x500.jpg\" height=\"500\" width=\"700\" alt=\"\" class=\"slider-384 slide-391 msDefaultImage\" \/><div class=\"caption-wrap\"><div class=\"caption\">Juli<\/div><\/div><\/li>\n                <li style=\"display: none; width: 100%;\" class=\"slide-392 ms-image \" aria-roledescription=\"slide\" data-date=\"2018-02-08 14:18:28\" data-filename=\"VielfaltUnsererErde2015August-700x500.jpg\" data-slide-type=\"image\"><img loading=\"lazy\" decoding=\"async\" src=\"https:\/\/schelphof.de\/wpnpz1\/wp-content\/uploads\/VielfaltUnsererErde2015August-700x500.jpg\" height=\"500\" width=\"700\" alt=\"\" class=\"slider-384 slide-392 msDefaultImage\" \/><div class=\"caption-wrap\"><div class=\"caption\">August<\/div><\/div><\/li>\n                <li style=\"display: none; width: 100%;\" class=\"slide-393 ms-image \" aria-roledescription=\"slide\" data-date=\"2018-02-08 14:18:35\" data-filename=\"VielfaltUnsererErde2015September-700x500.jpg\" data-slide-type=\"image\"><img loading=\"lazy\" decoding=\"async\" src=\"https:\/\/schelphof.de\/wpnpz1\/wp-content\/uploads\/VielfaltUnsererErde2015September-700x500.jpg\" height=\"500\" width=\"700\" alt=\"\" class=\"slider-384 slide-393 msDefaultImage\" \/><div class=\"caption-wrap\"><div class=\"caption\">September<\/div><\/div><\/li>\n                <li style=\"display: none; width: 100%;\" class=\"slide-394 ms-image \" aria-roledescription=\"slide\" data-date=\"2018-02-08 14:18:41\" data-filename=\"VielfaltUnsererErde2015Oktober-700x500.jpg\" data-slide-type=\"image\"><img loading=\"lazy\" decoding=\"async\" src=\"https:\/\/schelphof.de\/wpnpz1\/wp-content\/uploads\/VielfaltUnsererErde2015Oktober-700x500.jpg\" height=\"500\" width=\"700\" alt=\"\" class=\"slider-384 slide-394 msDefaultImage\" \/><div class=\"caption-wrap\"><div class=\"caption\">Oktober<\/div><\/div><\/li>\n                <li style=\"display: none; width: 100%;\" class=\"slide-396 ms-image \" aria-roledescription=\"slide\" data-date=\"2018-02-08 14:19:05\" data-filename=\"VielfaltUnsererErde2015November-700x500.jpg\" data-slide-type=\"image\"><img loading=\"lazy\" decoding=\"async\" src=\"https:\/\/schelphof.de\/wpnpz1\/wp-content\/uploads\/VielfaltUnsererErde2015November-700x500.jpg\" height=\"500\" width=\"700\" alt=\"\" class=\"slider-384 slide-396 msDefaultImage\" \/><div class=\"caption-wrap\"><div class=\"caption\">November<\/div><\/div><\/li>\n                <li style=\"display: none; width: 100%;\" class=\"slide-399 ms-image \" aria-roledescription=\"slide\" data-date=\"2018-02-08 14:20:38\" data-filename=\"VielfaltUnsererErde2015Dezember-700x500.jpg\" data-slide-type=\"image\"><img loading=\"lazy\" decoding=\"async\" src=\"https:\/\/schelphof.de\/wpnpz1\/wp-content\/uploads\/VielfaltUnsererErde2015Dezember-700x500.jpg\" height=\"500\" width=\"700\" alt=\"\" class=\"slider-384 slide-399 msDefaultImage\" \/><div class=\"caption-wrap\"><div class=\"caption\">Dezember<\/div><\/div><\/li>\n            <\/ul>\n        <\/div>\n        \n    <\/div>\n<\/div>Die <strong>Lernposter<\/strong> zeigen auf zw\u00f6lf einzelnen Postern (Querformat 69 cm x 99 cm) was es im Laufe des Kalenderjahres alles an Vielfalt unserer Erde zu entdecken und zu sch\u00fctzen gibt &#8211; und das direkt vor unserer Haust\u00fcr. Die Poster stellen monatlich ein bestimmtes Thema in den Mittelpunkt, z.B. &#8222;Lebensraum am Apfelbaum&#8220; oder &#8222;Kartoffel &#8211; bunt und gesund&#8220;.<\/p>\n<p>Als Satz (12 Poster) gegen eine Schutzgeb\u00fchr von 16,90\u20ac (inkl. Versandkosten) zu bestellen bei: <strong>Naturp\u00e4dagogisches Zentrum Schelphof e.V., Tel. 0521.3044063, npzschelphof@t-online.de<\/strong><\/p>\n<p><img loading=\"lazy\" decoding=\"async\" class=\"wp-image-370 alignleft\" src=\"http:\/\/schelphof.de\/wpnpz1\/wp-content\/uploads\/VielfaltUnsererErde2015-320x226.jpg\" alt=\"\" width=\"200\" height=\"141\" srcset=\"https:\/\/schelphof.de\/wpnpz1\/wp-content\/uploads\/VielfaltUnsererErde2015-320x226.jpg 320w, https:\/\/schelphof.de\/wpnpz1\/wp-content\/uploads\/VielfaltUnsererErde2015-768x543.jpg 768w, https:\/\/schelphof.de\/wpnpz1\/wp-content\/uploads\/VielfaltUnsererErde2015-1024x724.jpg 1024w, https:\/\/schelphof.de\/wpnpz1\/wp-content\/uploads\/VielfaltUnsererErde2015.jpg 1754w\" sizes=\"auto, (max-width: 200px) 100vw, 200px\" \/>Die erg\u00e4nzende <strong>Praxismappe f\u00fcr LehrerInnen <\/strong>erkl\u00e4rt theoretische Hintergr\u00fcnde, gibt eine Einordnung in Curricula und BNE Konzept, greift Arbeitsaufgaben der Poster auf und bietet gut ausgerabeitete Unterrichtsvorschl\u00e4ge mit kopierf\u00e4higem Arbeitsmaterial an. Die <a href=\"http:\/\/schelphof.de\/wpnpz1\/wp-content\/uploads\/VielfaltUnsererErde2015.compressed.pdf\"><strong>Praxismappe Vielfalt unserer Erde<\/strong><\/a> k\u00f6nnen Sie kostenlos herunterladen.<\/p>\n<p>Die Lernposter sind f\u00fcr den Einsatz mit Kindern in der 3. bis 5. Unterrichstklasse, in\u00a0 AGs der OGS, in Umweltgruppen der Bildungsarbeit und an anderen au\u00dferschulischen Lernorten konzipiert. Die Poster sind kindgerecht gestaltet mit Bildern, kleinen Infotexten und konkreten Aktionsideen. Die drei Hauptebenen der biologischen Vielfalt &#8211; Lebensr\u00e4ume, Arten, Sorten und Rassen &#8211; sind auf allen Postern farblich kodiert. Eine Wildbiene vermittelt in Sprechblasen Informationen und Erkl\u00e4rungen. Tipps, Literaturhinweise und ein W\u00f6rterbuch f\u00fcr Kinder finden sich in einer Infoleiste. Alle Themen sind auf den Kernlehrplan Sachunterricht und das Konzept Bildung zur nachhaltigen Entwicklung in der Grundschule abgestimmt.<\/p>\n<p>&nbsp;<\/p>\n","protected":false},"excerpt":{"rendered":"<p>Biologische Vielfalt in der Umweltbildungsarbeit mit Kindern von 8-12 Jahren in Schulen in der OGS an au\u00dferschulischen Lernorten und im privaten Bereich Die Lernposter zeigen auf zw\u00f6lf einzelnen Postern (Querformat 69 cm x 99 cm) was es im Laufe des Kalenderjahres alles an Vielfalt unserer Erde zu entdecken und zu sch\u00fctzen gibt &#8211; und das &hellip;<\/p>\n","protected":false},"author":2,"featured_media":0,"parent":81,"menu_order":1,"comment_status":"closed","ping_status":"closed","template":"","meta":{"footnotes":""},"class_list":["post-85","page","type-page","status-publish","hentry"],"_links":{"self":[{"href":"https:\/\/schelphof.de\/wpnpz1\/wp-json\/wp\/v2\/pages\/85","targetHints":{"allow":["GET"]}}],"collection":[{"href":"https:\/\/schelphof.de\/wpnpz1\/wp-json\/wp\/v2\/pages"}],"about":[{"href":"https:\/\/schelphof.de\/wpnpz1\/wp-json\/wp\/v2\/types\/page"}],"author":[{"embeddable":true,"href":"https:\/\/schelphof.de\/wpnpz1\/wp-json\/wp\/v2\/users\/2"}],"replies":[{"embeddable":true,"href":"https:\/\/schelphof.de\/wpnpz1\/wp-json\/wp\/v2\/comments?post=85"}],"version-history":[{"count":43,"href":"https:\/\/schelphof.de\/wpnpz1\/wp-json\/wp\/v2\/pages\/85\/revisions"}],"predecessor-version":[{"id":749,"href":"https:\/\/schelphof.de\/wpnpz1\/wp-json\/wp\/v2\/pages\/85\/revisions\/749"}],"up":[{"embeddable":true,"href":"https:\/\/schelphof.de\/wpnpz1\/wp-json\/wp\/v2\/pages\/81"}],"wp:attachment":[{"href":"https:\/\/schelphof.de\/wpnpz1\/wp-json\/wp\/v2\/media?parent=85"}],"curies":[{"name":"wp","href":"https:\/\/api.w.org\/{rel}","templated":true}]}}