{"id":30,"date":"2018-02-02T10:09:07","date_gmt":"2018-02-02T09:09:07","guid":{"rendered":"http:\/\/schelphof.de\/wpnpz1\/?page_id=30"},"modified":"2020-01-14T12:06:42","modified_gmt":"2020-01-14T11:06:42","slug":"bfd","status":"publish","type":"page","link":"https:\/\/schelphof.de\/wpnpz1\/mitarbeit\/bfd\/","title":{"rendered":"BFD"},"content":{"rendered":"<h2><strong>Bundesfreiwilligendienst<\/strong><\/h2>\n<p>Aktuell ist unsere Stelle im Bundesfreiwilligendienst besetzt.<\/p>\n<p>Inhalt des BFD ist bei uns die <strong>Unterst\u00fctzung im &#8222;gr\u00fcnen Bereich&#8220;<\/strong>, d.h. g\u00e4rtnerische und handwerkliche Arbeiten f\u00fcr den Naturschutz:<img loading=\"lazy\" decoding=\"async\" class=\"size-medium wp-image-38 alignleft\" src=\"http:\/\/schelphof.de\/wpnpz1\/wp-content\/uploads\/DSCF0353verkleinert-e1517568418177-240x320.jpg\" alt=\"\" width=\"240\" height=\"320\" srcset=\"https:\/\/schelphof.de\/wpnpz1\/wp-content\/uploads\/DSCF0353verkleinert-e1517568418177-240x320.jpg 240w, https:\/\/schelphof.de\/wpnpz1\/wp-content\/uploads\/DSCF0353verkleinert-e1517568418177-768x1024.jpg 768w, https:\/\/schelphof.de\/wpnpz1\/wp-content\/uploads\/DSCF0353verkleinert-e1517568418177.jpg 1500w\" sizes=\"auto, (max-width: 240px) 100vw, 240px\" \/><\/p>\n<ul>\n<li>zur Vor- und Nachbereitung unserer Gartenfl\u00e4chen f\u00fcr die umweltp\u00e4dagogische Arbeit mit Kindern, z.B. im Schulgarten arbeiten<\/li>\n<li>zur Pflege des Au\u00dfenbereiches rund um unser gr\u00fcnes Klassenzimmer, z.B. Blumenbeete und Obstb\u00e4ume<\/li>\n<li>zur Pflege unseres Erlebnispfades Landwirtschaft im KulturLand Schelphof,\u00a0 z.B. Nistk\u00e4sten kontrollieren<\/li>\n<\/ul>\n<p>Der Bundesfreiwilligendienst kann von \u00fcber 27-j\u00e4hrigen auch mit einer halben Stelle (20,1 Std\/Woche) geleistet werden.<\/p>\n<p><strong>Info und Kontakt im NPZ 0521.3044063<\/strong><\/p>\n","protected":false},"excerpt":{"rendered":"<p>Bundesfreiwilligendienst Aktuell ist unsere Stelle im Bundesfreiwilligendienst besetzt. Inhalt des BFD ist bei uns die Unterst\u00fctzung im &#8222;gr\u00fcnen Bereich&#8220;, d.h. g\u00e4rtnerische und handwerkliche Arbeiten f\u00fcr den Naturschutz: zur Vor- und Nachbereitung unserer Gartenfl\u00e4chen f\u00fcr die umweltp\u00e4dagogische Arbeit mit Kindern, z.B. im Schulgarten arbeiten zur Pflege des Au\u00dfenbereiches rund um unser gr\u00fcnes Klassenzimmer, z.B. Blumenbeete und &hellip;<\/p>\n","protected":false},"author":2,"featured_media":0,"parent":548,"menu_order":1,"comment_status":"closed","ping_status":"closed","template":"","meta":{"footnotes":""},"class_list":["post-30","page","type-page","status-publish","hentry"],"_links":{"self":[{"href":"https:\/\/schelphof.de\/wpnpz1\/wp-json\/wp\/v2\/pages\/30","targetHints":{"allow":["GET"]}}],"collection":[{"href":"https:\/\/schelphof.de\/wpnpz1\/wp-json\/wp\/v2\/pages"}],"about":[{"href":"https:\/\/schelphof.de\/wpnpz1\/wp-json\/wp\/v2\/types\/page"}],"author":[{"embeddable":true,"href":"https:\/\/schelphof.de\/wpnpz1\/wp-json\/wp\/v2\/users\/2"}],"replies":[{"embeddable":true,"href":"https:\/\/schelphof.de\/wpnpz1\/wp-json\/wp\/v2\/comments?post=30"}],"version-history":[{"count":4,"href":"https:\/\/schelphof.de\/wpnpz1\/wp-json\/wp\/v2\/pages\/30\/revisions"}],"predecessor-version":[{"id":938,"href":"https:\/\/schelphof.de\/wpnpz1\/wp-json\/wp\/v2\/pages\/30\/revisions\/938"}],"up":[{"embeddable":true,"href":"https:\/\/schelphof.de\/wpnpz1\/wp-json\/wp\/v2\/pages\/548"}],"wp:attachment":[{"href":"https:\/\/schelphof.de\/wpnpz1\/wp-json\/wp\/v2\/media?parent=30"}],"curies":[{"name":"wp","href":"https:\/\/api.w.org\/{rel}","templated":true}]}}

<h2><strong>Bundesfreiwilligendienst</strong></h2>
<p>Aktuell ist unsere Stelle im Bundesfreiwilligendienst besetzt.</p>
<p>Inhalt des BFD ist bei uns die <strong>Unterstützung im &#8222;grünen Bereich&#8220;</strong>, d.h. gärtnerische und handwerkliche Arbeiten für den Naturschutz:<img loading="lazy" decoding="async" class="size-medium wp-image-38 alignleft" src="http://schelphof.de/wpnpz1/wp-content/uploads/DSCF0353verkleinert-e1517568418177-240x320.jpg" alt="" width="240" height="320" srcset="https://schelphof.de/wpnpz1/wp-content/uploads/DSCF0353verkleinert-e1517568418177-240x320.jpg 240w, https://schelphof.de/wpnpz1/wp-content/uploads/DSCF0353verkleinert-e1517568418177-768x1024.jpg 768w, https://schelphof.de/wpnpz1/wp-content/uploads/DSCF0353verkleinert-e1517568418177.jpg 1500w" sizes="auto, (max-width: 240px) 100vw, 240px" /></p>
<ul>
<li>zur Vor- und Nachbereitung unserer Gartenflächen für die umweltpädagogische Arbeit mit Kindern, z.B. im Schulgarten arbeiten</li>
<li>zur Pflege des Außenbereiches rund um unser grünes Klassenzimmer, z.B. Blumenbeete und Obstbäume</li>
<li>zur Pflege unseres Erlebnispfades Landwirtschaft im KulturLand Schelphof,  z.B. Nistkästen kontrollieren</li>
</ul>
<p>Der Bundesfreiwilligendienst kann von über 27-jährigen auch mit einer halben Stelle (20,1 Std/Woche) geleistet werden.</p>
<p><strong>Info und Kontakt im NPZ 0521.3044063</strong></p>

<p>Bundesfreiwilligendienst Aktuell ist unsere Stelle im Bundesfreiwilligendienst besetzt. Inhalt des BFD ist bei uns die Unterstützung im &#8222;grünen Bereich&#8220;, d.h. gärtnerische und handwerkliche Arbeiten für den Naturschutz: zur Vor- und Nachbereitung unserer Gartenflächen für die umweltpädagogische Arbeit mit Kindern, z.B. im Schulgarten arbeiten zur Pflege des Außenbereiches rund um unser grünes Klassenzimmer, z.B. Blumenbeete und &hellip;</p>
