{"id":206,"date":"2018-02-06T13:15:37","date_gmt":"2018-02-06T12:15:37","guid":{"rendered":"http:\/\/schelphof.de\/wpnpz1\/?page_id=206"},"modified":"2026-01-19T13:36:27","modified_gmt":"2026-01-19T12:36:27","slug":"npz","status":"publish","type":"page","link":"https:\/\/schelphof.de\/wpnpz1\/npz\/","title":{"rendered":"NPZ"},"content":{"rendered":"\n<p><strong>Das Naturp\u00e4dagogische Zentrum Schelphof e.V. (NPZ) entstand im Jahr 2000 als Bildungsst\u00e4tte f\u00fcr Naturp\u00e4dagogik<\/strong> <strong>mit dem<\/strong> <strong>Schwerpunkt &#8220;\u00d6kologischer Landbau und b\u00e4uerliche Kulturlandschaft&#8220; auf Anregung von Barbara Bayreuther-Finke, Vorsitzende des Landschaftsbeirates Bielefeld.<\/strong><\/p>\n\n\n<div class=\"wp-block-image\">\n<figure class=\"alignleft\"><img loading=\"lazy\" decoding=\"async\" width=\"320\" height=\"240\" src=\"http:\/\/schelphof.de\/wpnpz1\/wp-content\/uploads\/Gr\u00fcnes-Klassenzimmer-320x240.jpg\" alt=\"\" class=\"wp-image-74\"\/><\/figure>\n<\/div>\n\n\n<p>Das NPZ bietet seitdem ein <strong><a href=\"http:\/\/schelphof.de\/wpnpz1\/wp-content\/uploads\/Programm2026Homepage.pdf\">vielf\u00e4ltiges Programm<\/a><\/strong> mit umweltp\u00e4dagogischen Veranstaltungen f\u00fcr Kitagruppen und Schulklassen, Fortbildungen f\u00fcr ErzieherInnen und LehrerInnen, offenen Nachmittagen, Ferienangeboten und Rundg\u00e4ngen am Schelphof in Bielefeld-Heepen an.<\/p>\n\n\n\n<p>F\u00fcr die Menschen in Bielefeld, besonders f\u00fcr Kinder und Jugendliche, ist mit dem NPZ ein <strong>au\u00dferschulischer Lernort<\/strong> entstanden, an dem sie die Vielfalt und den Reichtum der <strong>heimischen Natur und Landschaft<\/strong> erleben sowie die <strong>umweltvertr\u00e4gliche Produktion von Nahrungsmitteln<\/strong> kennen und wertsch\u00e4tzen lernen k\u00f6nnen. Das Gr\u00fcne Klassenzimmer und der eigene Acker erm\u00f6glichen den KursteilnehmerInnen den direkten Kontakt mit dieser noch naturnahen Kulturlandschaft.<\/p>\n\n\n\n<p>Der gemeinn\u00fctzige Verein <strong>&#8220;Naturp\u00e4dagogisches Zentrum Schelphof e.V.&#8220;<\/strong> wird von einem Team engagierter Einzelpersonen sowie von den Bielefelder Naturschutzverb\u00e4nden (<strong><a href=\"https:\/\/www.nwv-bielefeld.de\/\">Naturwissenschaftlicher Verein<\/a>, <a href=\"https:\/\/nabu-bielefeld.jimdo.com\/\">Naturschutzbund<\/a>, <a href=\"http:\/\/bielefeld.bund.net\/kontakt\/\">BUND<\/a><\/strong> und <a href=\"http:\/\/www.progruen-ev.de\/\"><strong>Pro GR\u00dcN<\/strong><\/a>) getragen. Der Vereinsvorstand organisiert ehrenamtlich die p\u00e4dagogische Arbeit vor Ort und k\u00fcmmert sich um ihre Finanzierung.<\/p>\n","protected":false},"excerpt":{"rendered":"<p>Das Naturp\u00e4dagogische Zentrum Schelphof e.V. (NPZ) entstand im Jahr 2000 als Bildungsst\u00e4tte f\u00fcr Naturp\u00e4dagogik mit dem Schwerpunkt &#8220;\u00d6kologischer Landbau und b\u00e4uerliche Kulturlandschaft&#8220; auf Anregung von Barbara Bayreuther-Finke, Vorsitzende des Landschaftsbeirates Bielefeld. Das NPZ bietet seitdem ein vielf\u00e4ltiges Programm mit umweltp\u00e4dagogischen Veranstaltungen f\u00fcr Kitagruppen und Schulklassen, Fortbildungen f\u00fcr ErzieherInnen und LehrerInnen, offenen Nachmittagen, Ferienangeboten und Rundg\u00e4ngen &hellip;<\/p>\n","protected":false},"author":2,"featured_media":0,"parent":0,"menu_order":0,"comment_status":"closed","ping_status":"closed","template":"","meta":{"footnotes":""},"class_list":["post-206","page","type-page","status-publish","hentry"],"_links":{"self":[{"href":"https:\/\/schelphof.de\/wpnpz1\/wp-json\/wp\/v2\/pages\/206","targetHints":{"allow":["GET"]}}],"collection":[{"href":"https:\/\/schelphof.de\/wpnpz1\/wp-json\/wp\/v2\/pages"}],"about":[{"href":"https:\/\/schelphof.de\/wpnpz1\/wp-json\/wp\/v2\/types\/page"}],"author":[{"embeddable":true,"href":"https:\/\/schelphof.de\/wpnpz1\/wp-json\/wp\/v2\/users\/2"}],"replies":[{"embeddable":true,"href":"https:\/\/schelphof.de\/wpnpz1\/wp-json\/wp\/v2\/comments?post=206"}],"version-history":[{"count":23,"href":"https:\/\/schelphof.de\/wpnpz1\/wp-json\/wp\/v2\/pages\/206\/revisions"}],"predecessor-version":[{"id":1357,"href":"https:\/\/schelphof.de\/wpnpz1\/wp-json\/wp\/v2\/pages\/206\/revisions\/1357"}],"wp:attachment":[{"href":"https:\/\/schelphof.de\/wpnpz1\/wp-json\/wp\/v2\/media?parent=206"}],"curies":[{"name":"wp","href":"https:\/\/api.w.org\/{rel}","templated":true}]}}

<p><strong>Das Naturpädagogische Zentrum Schelphof e.V. (NPZ) entstand im Jahr 2000 als Bildungsstätte für Naturpädagogik</strong> <strong>mit dem</strong> <strong>Schwerpunkt &#8220;Ökologischer Landbau und bäuerliche Kulturlandschaft&#8220; auf Anregung von Barbara Bayreuther-Finke, Vorsitzende des Landschaftsbeirates Bielefeld.</strong></p>


<div class="wp-block-image">
<figure class="alignleft"><img loading="lazy" decoding="async" width="320" height="240" src="http://schelphof.de/wpnpz1/wp-content/uploads/Grünes-Klassenzimmer-320x240.jpg" alt="" class="wp-image-74"/></figure>
</div>


<p>Das NPZ bietet seitdem ein <strong><a href="http://schelphof.de/wpnpz1/wp-content/uploads/Programm2026Homepage.pdf">vielfältiges Programm</a></strong> mit umweltpädagogischen Veranstaltungen für Kitagruppen und Schulklassen, Fortbildungen für ErzieherInnen und LehrerInnen, offenen Nachmittagen, Ferienangeboten und Rundgängen am Schelphof in Bielefeld-Heepen an.</p>



<p>Für die Menschen in Bielefeld, besonders für Kinder und Jugendliche, ist mit dem NPZ ein <strong>außerschulischer Lernort</strong> entstanden, an dem sie die Vielfalt und den Reichtum der <strong>heimischen Natur und Landschaft</strong> erleben sowie die <strong>umweltverträgliche Produktion von Nahrungsmitteln</strong> kennen und wertschätzen lernen können. Das Grüne Klassenzimmer und der eigene Acker ermöglichen den KursteilnehmerInnen den direkten Kontakt mit dieser noch naturnahen Kulturlandschaft.</p>



<p>Der gemeinnützige Verein <strong>&#8220;Naturpädagogisches Zentrum Schelphof e.V.&#8220;</strong> wird von einem Team engagierter Einzelpersonen sowie von den Bielefelder Naturschutzverbänden (<strong><a href="https://www.nwv-bielefeld.de/">Naturwissenschaftlicher Verein</a>, <a href="https://nabu-bielefeld.jimdo.com/">Naturschutzbund</a>, <a href="http://bielefeld.bund.net/kontakt/">BUND</a></strong> und <a href="http://www.progruen-ev.de/"><strong>Pro GRÜN</strong></a>) getragen. Der Vereinsvorstand organisiert ehrenamtlich die pädagogische Arbeit vor Ort und kümmert sich um ihre Finanzierung.</p>

<p>Das Naturpädagogische Zentrum Schelphof e.V. (NPZ) entstand im Jahr 2000 als Bildungsstätte für Naturpädagogik mit dem Schwerpunkt &#8220;Ökologischer Landbau und bäuerliche Kulturlandschaft&#8220; auf Anregung von Barbara Bayreuther-Finke, Vorsitzende des Landschaftsbeirates Bielefeld. Das NPZ bietet seitdem ein vielfältiges Programm mit umweltpädagogischen Veranstaltungen für Kitagruppen und Schulklassen, Fortbildungen für ErzieherInnen und LehrerInnen, offenen Nachmittagen, Ferienangeboten und Rundgängen &hellip;</p>
