{"id":200,"date":"2018-02-06T12:33:03","date_gmt":"2018-02-06T11:33:03","guid":{"rendered":"http:\/\/schelphof.de\/wpnpz1\/?page_id=200"},"modified":"2026-01-20T11:42:05","modified_gmt":"2026-01-20T10:42:05","slug":"erlebnisspaziergaenge","status":"publish","type":"page","link":"https:\/\/schelphof.de\/wpnpz1\/ferienangebote-offene-nachmittage\/erlebnisspaziergaenge\/","title":{"rendered":"Erlebnisspazierg\u00e4nge"},"content":{"rendered":"<p><strong><img loading=\"lazy\" decoding=\"async\" class=\"size-medium wp-image-330 alignleft\" src=\"http:\/\/schelphof.de\/wpnpz1\/wp-content\/uploads\/KulturLand-Bett-im-Kornfeld-320x240.jpg\" alt=\"\" width=\"320\" height=\"240\" srcset=\"https:\/\/schelphof.de\/wpnpz1\/wp-content\/uploads\/KulturLand-Bett-im-Kornfeld-320x240.jpg 320w, https:\/\/schelphof.de\/wpnpz1\/wp-content\/uploads\/KulturLand-Bett-im-Kornfeld-768x576.jpg 768w, https:\/\/schelphof.de\/wpnpz1\/wp-content\/uploads\/KulturLand-Bett-im-Kornfeld-1024x768.jpg 1024w, https:\/\/schelphof.de\/wpnpz1\/wp-content\/uploads\/KulturLand-Bett-im-Kornfeld.jpg 1600w\" sizes=\"auto, (max-width: 320px) 100vw, 320px\" \/>Ab ins Gr\u00fcne &#8211; ein Erlebnisspaziergang ins KulturLand Schelphof<\/strong><\/p>\n<p>K\u00e4ftiges Gr\u00fcn und das muntere Zwitschern der V\u00f6gel nach der winterlichen Pause machen Lust auf Fr\u00fchling. Ein Erlebnisspaziergang l\u00e4dt ein, unsere Kulturlandschaft auf dem 2005-2007 entstandenen Erlebnispfad Landwirtschaft zu entdecken.<\/p>\n<p><strong>Erlebnisspazierg\u00e4nge k\u00f6nnen auch von Gruppen gebucht werden.<\/strong><\/p>\n<p><strong>Treffpunkt und Parken<\/strong> \u00a0 Parkplatz an der M\u00fcllverbrennungsanlage am Schelpmilser Weg (Einfahrt Wiesenstra\u00dfe). Falls vorhanden, bitte Ferngl\u00e4ser mitbringen und festes Schuhwerk anziehen. Mund-Nasen-Schutz nicht vergessen.<\/p>\n<p><strong>Anmeldung f\u00fcr Gruppen unter 0521.3044063\u00a0<\/strong><\/p>\n\n\n<p><\/p>\n","protected":false},"excerpt":{"rendered":"<p>Ab ins Gr\u00fcne &#8211; ein Erlebnisspaziergang ins KulturLand Schelphof K\u00e4ftiges Gr\u00fcn und das muntere Zwitschern der V\u00f6gel nach der winterlichen Pause machen Lust auf Fr\u00fchling. Ein Erlebnisspaziergang l\u00e4dt ein, unsere Kulturlandschaft auf dem 2005-2007 entstandenen Erlebnispfad Landwirtschaft zu entdecken. Erlebnisspazierg\u00e4nge k\u00f6nnen auch von Gruppen gebucht werden. Treffpunkt und Parken \u00a0 Parkplatz an der M\u00fcllverbrennungsanlage am &hellip;<\/p>\n","protected":false},"author":2,"featured_media":0,"parent":160,"menu_order":5,"comment_status":"closed","ping_status":"closed","template":"","meta":{"footnotes":""},"class_list":["post-200","page","type-page","status-publish","hentry"],"_links":{"self":[{"href":"https:\/\/schelphof.de\/wpnpz1\/wp-json\/wp\/v2\/pages\/200","targetHints":{"allow":["GET"]}}],"collection":[{"href":"https:\/\/schelphof.de\/wpnpz1\/wp-json\/wp\/v2\/pages"}],"about":[{"href":"https:\/\/schelphof.de\/wpnpz1\/wp-json\/wp\/v2\/types\/page"}],"author":[{"embeddable":true,"href":"https:\/\/schelphof.de\/wpnpz1\/wp-json\/wp\/v2\/users\/2"}],"replies":[{"embeddable":true,"href":"https:\/\/schelphof.de\/wpnpz1\/wp-json\/wp\/v2\/comments?post=200"}],"version-history":[{"count":11,"href":"https:\/\/schelphof.de\/wpnpz1\/wp-json\/wp\/v2\/pages\/200\/revisions"}],"predecessor-version":[{"id":1382,"href":"https:\/\/schelphof.de\/wpnpz1\/wp-json\/wp\/v2\/pages\/200\/revisions\/1382"}],"up":[{"embeddable":true,"href":"https:\/\/schelphof.de\/wpnpz1\/wp-json\/wp\/v2\/pages\/160"}],"wp:attachment":[{"href":"https:\/\/schelphof.de\/wpnpz1\/wp-json\/wp\/v2\/media?parent=200"}],"curies":[{"name":"wp","href":"https:\/\/api.w.org\/{rel}","templated":true}]}}

Erlebnisspaziergänge

<p><strong><img loading="lazy" decoding="async" class="size-medium wp-image-330 alignleft" src="http://schelphof.de/wpnpz1/wp-content/uploads/KulturLand-Bett-im-Kornfeld-320x240.jpg" alt="" width="320" height="240" srcset="https://schelphof.de/wpnpz1/wp-content/uploads/KulturLand-Bett-im-Kornfeld-320x240.jpg 320w, https://schelphof.de/wpnpz1/wp-content/uploads/KulturLand-Bett-im-Kornfeld-768x576.jpg 768w, https://schelphof.de/wpnpz1/wp-content/uploads/KulturLand-Bett-im-Kornfeld-1024x768.jpg 1024w, https://schelphof.de/wpnpz1/wp-content/uploads/KulturLand-Bett-im-Kornfeld.jpg 1600w" sizes="auto, (max-width: 320px) 100vw, 320px" />Ab ins Grüne &#8211; ein Erlebnisspaziergang ins KulturLand Schelphof</strong></p>
<p>Käftiges Grün und das muntere Zwitschern der Vögel nach der winterlichen Pause machen Lust auf Frühling. Ein Erlebnisspaziergang lädt ein, unsere Kulturlandschaft auf dem 2005-2007 entstandenen Erlebnispfad Landwirtschaft zu entdecken.</p>
<p><strong>Erlebnisspaziergänge können auch von Gruppen gebucht werden.</strong></p>
<p><strong>Treffpunkt und Parken</strong>   Parkplatz an der Müllverbrennungsanlage am Schelpmilser Weg (Einfahrt Wiesenstraße). Falls vorhanden, bitte Ferngläser mitbringen und festes Schuhwerk anziehen. Mund-Nasen-Schutz nicht vergessen.</p>
<p><strong>Anmeldung für Gruppen unter 0521.3044063 </strong></p>


<p></p>

<p>Ab ins Grüne &#8211; ein Erlebnisspaziergang ins KulturLand Schelphof Käftiges Grün und das muntere Zwitschern der Vögel nach der winterlichen Pause machen Lust auf Frühling. Ein Erlebnisspaziergang lädt ein, unsere Kulturlandschaft auf dem 2005-2007 entstandenen Erlebnispfad Landwirtschaft zu entdecken. Erlebnisspaziergänge können auch von Gruppen gebucht werden. Treffpunkt und Parken   Parkplatz an der Müllverbrennungsanlage am &hellip;</p>
