{"id":191,"date":"2018-02-06T12:00:03","date_gmt":"2018-02-06T11:00:03","guid":{"rendered":"http:\/\/schelphof.de\/wpnpz1\/?page_id=191"},"modified":"2026-01-19T14:20:40","modified_gmt":"2026-01-19T13:20:40","slug":"offene-nachmittage","status":"publish","type":"page","link":"https:\/\/schelphof.de\/wpnpz1\/ferienangebote-offene-nachmittage\/offene-nachmittage\/","title":{"rendered":"Biowochen NRW"},"content":{"rendered":"<h1 class=\"wp-block wp-block-post-title block-editor-block-list__block editor-post-title editor-post-title__input rich-text is-selected\" role=\"textbox\" contenteditable=\"true\" aria-label=\"Titel hier eingeben\" aria-multiline=\"true\">Offene Nachmittage <strong>f\u00fcr Kinder und (Gro\u00df-) Eltern<\/strong><\/h1>\n<p><strong>Kartoffeln &#8211; raus aus der Erde<\/strong><\/p>\n<p>Die Kartoffel ist eines der ges\u00fcndesten Lebensmittel. Am Ende des Sommers ist das Laub abgestorben. Wir heben unsere &#8218;Sch\u00e4tze&#8216; und kosten sie nach getaner Arbeit am Kartoffelfeuer.<\/p>\n<p>Dieser offene Nachmittag f\u00fcr Kinder mit (Gro\u00df-) Eltern findet im Rahmen der <a href=\"https:\/\/www.biowochen-nrw.de\/events?tx_atoel_output%5Bcontroller%5D=Veranstaltung&amp;cHash=27a18859e103e18fff63d6b4b0d3cc49\">Biowochen NRW<\/a> statt.<\/p>\n<p>Die Veranstaltung findet in Kooperation mit der VHS-Heepen statt.<\/p>\n<p><strong>Termin:\u00a0\u00a0\u00a0\u00a0\u00a0\u00a0\u00a0\u00a0\u00a0\u00a0\u00a0\u00a0\u00a0\u00a0\u00a0\u00a0\u00a0\u00a0\u00a0\u00a0\u00a0\u00a0 <\/strong>2026 wird noch bekannt gegeben<\/p>\n<p><strong>Uhrzeit:<\/strong>\u00a0\u00a0\u00a0\u00a0\u00a0\u00a0\u00a0\u00a0\u00a0\u00a0\u00a0\u00a0\u00a0\u00a0\u00a0\u00a0\u00a0\u00a0\u00a0\u00a0\u00a0\u00a0 15.00 \u2013 17.00 Uhr<\/p>\n<p><strong>Treffpunkt:<\/strong>\u00a0\u00a0\u00a0\u00a0\u00a0\u00a0\u00a0\u00a0\u00a0\u00a0\u00a0\u00a0\u00a0\u00a0\u00a0\u00a0\u00a0\u00a0Infopavillon am Schelphof<\/p>\n<p><strong>TeilnehmerInnen:<\/strong>\u00a0\u00a0\u00a0\u00a0\u00a0\u00a0 Kinder mit (Gro\u00df-) Eltern<\/p>\n<p><strong>Kosten:<\/strong>\u00a0\u00a0\u00a0\u00a0\u00a0\u00a0\u00a0\u00a0\u00a0\u00a0\u00a0\u00a0\u00a0\u00a0\u00a0\u00a0\u00a0\u00a0\u00a0\u00a0\u00a0\u00a0\u00a0 3,- Euro\/Person<\/p>\n<p><strong>Bitte wetterfest anziehen.<\/strong><\/p>\n<p><strong>Anmeldung erforderlich <\/strong>unter 0521 3044063<\/p>\n<p>oder npzschelphof@t-online.de<\/p>\n<p><strong>\u00a0<\/strong><\/p>\n","protected":false},"excerpt":{"rendered":"<p>Offene Nachmittage f\u00fcr Kinder und (Gro\u00df-) Eltern Kartoffeln &#8211; raus aus der Erde Die Kartoffel ist eines der ges\u00fcndesten Lebensmittel. Am Ende des Sommers ist das Laub abgestorben. Wir heben unsere &#8218;Sch\u00e4tze&#8216; und kosten sie nach getaner Arbeit am Kartoffelfeuer. Dieser offene Nachmittag f\u00fcr Kinder mit (Gro\u00df-) Eltern findet im Rahmen der Biowochen NRW statt. &hellip;<\/p>\n","protected":false},"author":2,"featured_media":0,"parent":160,"menu_order":4,"comment_status":"closed","ping_status":"closed","template":"","meta":{"footnotes":""},"class_list":["post-191","page","type-page","status-publish","hentry"],"_links":{"self":[{"href":"https:\/\/schelphof.de\/wpnpz1\/wp-json\/wp\/v2\/pages\/191","targetHints":{"allow":["GET"]}}],"collection":[{"href":"https:\/\/schelphof.de\/wpnpz1\/wp-json\/wp\/v2\/pages"}],"about":[{"href":"https:\/\/schelphof.de\/wpnpz1\/wp-json\/wp\/v2\/types\/page"}],"author":[{"embeddable":true,"href":"https:\/\/schelphof.de\/wpnpz1\/wp-json\/wp\/v2\/users\/2"}],"replies":[{"embeddable":true,"href":"https:\/\/schelphof.de\/wpnpz1\/wp-json\/wp\/v2\/comments?post=191"}],"version-history":[{"count":34,"href":"https:\/\/schelphof.de\/wpnpz1\/wp-json\/wp\/v2\/pages\/191\/revisions"}],"predecessor-version":[{"id":1373,"href":"https:\/\/schelphof.de\/wpnpz1\/wp-json\/wp\/v2\/pages\/191\/revisions\/1373"}],"up":[{"embeddable":true,"href":"https:\/\/schelphof.de\/wpnpz1\/wp-json\/wp\/v2\/pages\/160"}],"wp:attachment":[{"href":"https:\/\/schelphof.de\/wpnpz1\/wp-json\/wp\/v2\/media?parent=191"}],"curies":[{"name":"wp","href":"https:\/\/api.w.org\/{rel}","templated":true}]}}

<h1 class="wp-block wp-block-post-title block-editor-block-list__block editor-post-title editor-post-title__input rich-text is-selected" role="textbox" contenteditable="true" aria-label="Titel hier eingeben" aria-multiline="true">Offene Nachmittage <strong>für Kinder und (Groß-) Eltern</strong></h1>
<p><strong>Kartoffeln &#8211; raus aus der Erde</strong></p>
<p>Die Kartoffel ist eines der gesündesten Lebensmittel. Am Ende des Sommers ist das Laub abgestorben. Wir heben unsere &#8218;Schätze&#8216; und kosten sie nach getaner Arbeit am Kartoffelfeuer.</p>
<p>Dieser offene Nachmittag für Kinder mit (Groß-) Eltern findet im Rahmen der <a href="https://www.biowochen-nrw.de/events?tx_atoel_output%5Bcontroller%5D=Veranstaltung&amp;cHash=27a18859e103e18fff63d6b4b0d3cc49">Biowochen NRW</a> statt.</p>
<p>Die Veranstaltung findet in Kooperation mit der VHS-Heepen statt.</p>
<p><strong>Termin:                       </strong>2026 wird noch bekannt gegeben</p>
<p><strong>Uhrzeit:</strong>                       15.00 – 17.00 Uhr</p>
<p><strong>Treffpunkt:</strong>                  Infopavillon am Schelphof</p>
<p><strong>TeilnehmerInnen:</strong>       Kinder mit (Groß-) Eltern</p>
<p><strong>Kosten:</strong>                        3,- Euro/Person</p>
<p><strong>Bitte wetterfest anziehen.</strong></p>
<p><strong>Anmeldung erforderlich </strong>unter 0521 3044063</p>
<p>oder npzschelphof@t-online.de</p>
<p><strong> </strong></p>

<p>Offene Nachmittage für Kinder und (Groß-) Eltern Kartoffeln &#8211; raus aus der Erde Die Kartoffel ist eines der gesündesten Lebensmittel. Am Ende des Sommers ist das Laub abgestorben. Wir heben unsere &#8218;Schätze&#8216; und kosten sie nach getaner Arbeit am Kartoffelfeuer. Dieser offene Nachmittag für Kinder mit (Groß-) Eltern findet im Rahmen der Biowochen NRW statt. &hellip;</p>
