{"id":187,"date":"2018-02-06T11:53:22","date_gmt":"2018-02-06T10:53:22","guid":{"rendered":"http:\/\/schelphof.de\/wpnpz1\/?page_id=187"},"modified":"2026-01-19T14:17:15","modified_gmt":"2026-01-19T13:17:15","slug":"herbstferien-2026","status":"publish","type":"page","link":"https:\/\/schelphof.de\/wpnpz1\/ferienangebote-offene-nachmittage\/herbstferien-2026\/","title":{"rendered":"Herbstferien 2026"},"content":{"rendered":"\n<p><strong>B\u00e4ume f\u00fcr&#8217;s Klima<\/strong><\/p>\n\n\n\n<div class=\"wp-block-media-text is-stacked-on-mobile\"><figure class=\"wp-block-media-text__media\"><img loading=\"lazy\" decoding=\"async\" width=\"768\" height=\"1024\" src=\"http:\/\/schelphof.de\/wpnpz1\/wp-content\/uploads\/Landschaft-erleben-Heimat-entdecken-Ostern-2018-e1523886576253-768x1024.jpg\" alt=\"\" class=\"wp-image-762 size-full\" srcset=\"https:\/\/schelphof.de\/wpnpz1\/wp-content\/uploads\/Landschaft-erleben-Heimat-entdecken-Ostern-2018-e1523886576253-768x1024.jpg 768w, https:\/\/schelphof.de\/wpnpz1\/wp-content\/uploads\/Landschaft-erleben-Heimat-entdecken-Ostern-2018-e1523886576253-240x320.jpg 240w\" sizes=\"auto, (max-width: 768px) 100vw, 768px\" \/><\/figure><div class=\"wp-block-media-text__content\">\n<p>Vom&nbsp;<strong>19.- 23.10.2026<\/strong>&nbsp;findet unser Herbstferienprojekt f\u00fcr 8-12-j\u00e4hrige Kinder statt.<\/p>\n\n\n\n<p>Der Klimawandel betrifft lokal in Bielefeld und global Lebensbedingungen von Menschen (Kindern), Tieren und Pflanzen. Wir untersuchen, Was ist \u00fcberhaupt Klimawandel?                     Was bedeutet \u00f6kologischer Fu\u00dfabdruck?          Und was leisten B\u00e4ume f\u00fcr unser Klima?          Wir pflanzen B\u00e4ume und Str\u00e4ucher. Und entdecken w\u00e4hrend der Woche noch Vieles mehr!<\/p>\n\n\n\n<p>In Kleingruppen werden die Kinder von 9.00-14.00 Uhr betreut.<\/p>\n\n\n\n<p>Die Teilnahme kostet 30,-\u20ac \/Woche.<\/p>\n<\/div><\/div>\n\n\n\n<p><\/p>\n","protected":false},"excerpt":{"rendered":"<p>B\u00e4ume f\u00fcr&#8217;s Klima Vom&nbsp;19.- 23.10.2026&nbsp;findet unser Herbstferienprojekt f\u00fcr 8-12-j\u00e4hrige Kinder statt. Der Klimawandel betrifft lokal in Bielefeld und global Lebensbedingungen von Menschen (Kindern), Tieren und Pflanzen. Wir untersuchen, Was ist \u00fcberhaupt Klimawandel? Was bedeutet \u00f6kologischer Fu\u00dfabdruck? Und was leisten B\u00e4ume f\u00fcr unser Klima? Wir pflanzen B\u00e4ume und Str\u00e4ucher. Und entdecken w\u00e4hrend der Woche noch Vieles &hellip;<\/p>\n","protected":false},"author":2,"featured_media":0,"parent":160,"menu_order":3,"comment_status":"closed","ping_status":"closed","template":"","meta":{"footnotes":""},"class_list":["post-187","page","type-page","status-publish","hentry"],"_links":{"self":[{"href":"https:\/\/schelphof.de\/wpnpz1\/wp-json\/wp\/v2\/pages\/187","targetHints":{"allow":["GET"]}}],"collection":[{"href":"https:\/\/schelphof.de\/wpnpz1\/wp-json\/wp\/v2\/pages"}],"about":[{"href":"https:\/\/schelphof.de\/wpnpz1\/wp-json\/wp\/v2\/types\/page"}],"author":[{"embeddable":true,"href":"https:\/\/schelphof.de\/wpnpz1\/wp-json\/wp\/v2\/users\/2"}],"replies":[{"embeddable":true,"href":"https:\/\/schelphof.de\/wpnpz1\/wp-json\/wp\/v2\/comments?post=187"}],"version-history":[{"count":17,"href":"https:\/\/schelphof.de\/wpnpz1\/wp-json\/wp\/v2\/pages\/187\/revisions"}],"predecessor-version":[{"id":1371,"href":"https:\/\/schelphof.de\/wpnpz1\/wp-json\/wp\/v2\/pages\/187\/revisions\/1371"}],"up":[{"embeddable":true,"href":"https:\/\/schelphof.de\/wpnpz1\/wp-json\/wp\/v2\/pages\/160"}],"wp:attachment":[{"href":"https:\/\/schelphof.de\/wpnpz1\/wp-json\/wp\/v2\/media?parent=187"}],"curies":[{"name":"wp","href":"https:\/\/api.w.org\/{rel}","templated":true}]}}

<p><strong>Bäume für&#8217;s Klima</strong></p>



<div class="wp-block-media-text is-stacked-on-mobile"><figure class="wp-block-media-text__media"><img loading="lazy" decoding="async" width="768" height="1024" src="http://schelphof.de/wpnpz1/wp-content/uploads/Landschaft-erleben-Heimat-entdecken-Ostern-2018-e1523886576253-768x1024.jpg" alt="" class="wp-image-762 size-full" srcset="https://schelphof.de/wpnpz1/wp-content/uploads/Landschaft-erleben-Heimat-entdecken-Ostern-2018-e1523886576253-768x1024.jpg 768w, https://schelphof.de/wpnpz1/wp-content/uploads/Landschaft-erleben-Heimat-entdecken-Ostern-2018-e1523886576253-240x320.jpg 240w" sizes="auto, (max-width: 768px) 100vw, 768px" /></figure><div class="wp-block-media-text__content">
<p>Vom&nbsp;<strong>19.- 23.10.2026</strong>&nbsp;findet unser Herbstferienprojekt für 8-12-jährige Kinder statt.</p>



<p>Der Klimawandel betrifft lokal in Bielefeld und global Lebensbedingungen von Menschen (Kindern), Tieren und Pflanzen. Wir untersuchen, Was ist überhaupt Klimawandel?                     Was bedeutet ökologischer Fußabdruck?          Und was leisten Bäume für unser Klima?          Wir pflanzen Bäume und Sträucher. Und entdecken während der Woche noch Vieles mehr!</p>



<p>In Kleingruppen werden die Kinder von 9.00-14.00 Uhr betreut.</p>



<p>Die Teilnahme kostet 30,-€ /Woche.</p>
</div></div>



<p></p>

<p>Bäume für&#8217;s Klima Vom&nbsp;19.- 23.10.2026&nbsp;findet unser Herbstferienprojekt für 8-12-jährige Kinder statt. Der Klimawandel betrifft lokal in Bielefeld und global Lebensbedingungen von Menschen (Kindern), Tieren und Pflanzen. Wir untersuchen, Was ist überhaupt Klimawandel? Was bedeutet ökologischer Fußabdruck? Und was leisten Bäume für unser Klima? Wir pflanzen Bäume und Sträucher. Und entdecken während der Woche noch Vieles &hellip;</p>
