{"id":160,"date":"2018-02-06T10:42:22","date_gmt":"2018-02-06T09:42:22","guid":{"rendered":"http:\/\/schelphof.de\/wpnpz1\/?page_id=160"},"modified":"2026-01-19T13:42:05","modified_gmt":"2026-01-19T12:42:05","slug":"ferienangebote-offene-nachmittage","status":"publish","type":"page","link":"https:\/\/schelphof.de\/wpnpz1\/ferienangebote-offene-nachmittage\/","title":{"rendered":"Kinder, Eltern, Gro\u00dfeltern"},"content":{"rendered":"<p><strong>\u00a0<\/strong><\/p>\n<p><img loading=\"lazy\" decoding=\"async\" class=\"wp-image-663 size-medium alignright\" src=\"http:\/\/schelphof.de\/wpnpz1\/wp-content\/uploads\/6_IMG_3986-320x240.jpg\" alt=\"\" width=\"320\" height=\"240\" srcset=\"https:\/\/schelphof.de\/wpnpz1\/wp-content\/uploads\/6_IMG_3986-320x240.jpg 320w, https:\/\/schelphof.de\/wpnpz1\/wp-content\/uploads\/6_IMG_3986-768x576.jpg 768w, https:\/\/schelphof.de\/wpnpz1\/wp-content\/uploads\/6_IMG_3986-1024x768.jpg 1024w, https:\/\/schelphof.de\/wpnpz1\/wp-content\/uploads\/6_IMG_3986.jpg 1632w\" sizes=\"auto, (max-width: 320px) 100vw, 320px\" \/><\/p>\n<p>Einen offenen Nachmittag am NPZ Schelphof zu verbringen macht viel Spa\u00df und &#8222;ganz nebenbei&#8220; lernt man eine Menge \u00fcber die Natur und unsere Heimat! Wir freuen uns auf Deine\/Ihre Anmeldung!<\/p>\n<p><strong>N\u00e4chster Termin Offener Nachmittag f\u00fcr (Gro\u00df-) Eltern mit Kindern<\/strong><\/p>\n<p>Kartoffel \u2013 rein die Erde! Wie macht der\/die LandwirtIn aus einer Kartoffel viele? Wir probieren es eigenh\u00e4ndig aus und pflanzen verschiedene Sorten. Nebenbei lernen wir das wundersame Leben in Feld und Flur kennen.<\/p>\n<p><strong>Termin:\u00a0 \u00a0 \u00a0 \u00a0 Donnerstag 16.04.2026, 15.00 -17.00 Uhr<\/strong><\/p>\n<p><strong>\u00a0Kosten 3,-\u20ac pro Person<\/strong><\/p>\n<p>Die Veranstaltung findet in Kooperation mit der VHS Heepen statt.<\/p>\n<p><strong>Anmeldung \u00fcber das NPZ Schelphof e.V. unter 0521 3044063.<\/strong><\/p>\n","protected":false},"excerpt":{"rendered":"<p>\u00a0 Einen offenen Nachmittag am NPZ Schelphof zu verbringen macht viel Spa\u00df und &#8222;ganz nebenbei&#8220; lernt man eine Menge \u00fcber die Natur und unsere Heimat! Wir freuen uns auf Deine\/Ihre Anmeldung! N\u00e4chster Termin Offener Nachmittag f\u00fcr (Gro\u00df-) Eltern mit Kindern Kartoffel \u2013 rein die Erde! Wie macht der\/die LandwirtIn aus einer Kartoffel viele? Wir probieren &hellip;<\/p>\n","protected":false},"author":2,"featured_media":0,"parent":0,"menu_order":0,"comment_status":"closed","ping_status":"closed","template":"","meta":{"footnotes":""},"class_list":["post-160","page","type-page","status-publish","hentry"],"_links":{"self":[{"href":"https:\/\/schelphof.de\/wpnpz1\/wp-json\/wp\/v2\/pages\/160","targetHints":{"allow":["GET"]}}],"collection":[{"href":"https:\/\/schelphof.de\/wpnpz1\/wp-json\/wp\/v2\/pages"}],"about":[{"href":"https:\/\/schelphof.de\/wpnpz1\/wp-json\/wp\/v2\/types\/page"}],"author":[{"embeddable":true,"href":"https:\/\/schelphof.de\/wpnpz1\/wp-json\/wp\/v2\/users\/2"}],"replies":[{"embeddable":true,"href":"https:\/\/schelphof.de\/wpnpz1\/wp-json\/wp\/v2\/comments?post=160"}],"version-history":[{"count":15,"href":"https:\/\/schelphof.de\/wpnpz1\/wp-json\/wp\/v2\/pages\/160\/revisions"}],"predecessor-version":[{"id":1360,"href":"https:\/\/schelphof.de\/wpnpz1\/wp-json\/wp\/v2\/pages\/160\/revisions\/1360"}],"wp:attachment":[{"href":"https:\/\/schelphof.de\/wpnpz1\/wp-json\/wp\/v2\/media?parent=160"}],"curies":[{"name":"wp","href":"https:\/\/api.w.org\/{rel}","templated":true}]}}